[INFO] cloning repository https://github.com/nnnnusui/WinAPI-on-Rust
[INFO] running `Command { std: "git" "-c" "credential.helper=" "-c" "credential.helper=/workspace/cargo-home/bin/git-credential-null" "clone" "--bare" "https://github.com/nnnnusui/WinAPI-on-Rust" "/workspace/cache/git-repos/https%3A%2F%2Fgithub.com%2Fnnnnusui%2FWinAPI-on-Rust", kill_on_drop: false }`
[INFO] [stderr] Cloning into bare repository '/workspace/cache/git-repos/https%3A%2F%2Fgithub.com%2Fnnnnusui%2FWinAPI-on-Rust'...
[INFO] running `Command { std: "git" "rev-parse" "HEAD", kill_on_drop: false }`
[INFO] [stdout] 95ed247fa61168dee143fd635fcc38c516fd5989
[INFO] building nnnnusui/WinAPI-on-Rust against master#881c1ac408d93bb7adaa3a51dabab9266e82eee8 for issue-85264
[INFO] running `Command { std: "git" "clone" "/workspace/cache/git-repos/https%3A%2F%2Fgithub.com%2Fnnnnusui%2FWinAPI-on-Rust" "/workspace/builds/worker-13/source", kill_on_drop: false }`
[INFO] [stderr] Cloning into '/workspace/builds/worker-13/source'...
[INFO] [stderr] done.
[INFO] validating manifest of git repo https://github.com/nnnnusui/WinAPI-on-Rust on toolchain 881c1ac408d93bb7adaa3a51dabab9266e82eee8
[INFO] running `Command { std: "/workspace/cargo-home/bin/cargo" "+881c1ac408d93bb7adaa3a51dabab9266e82eee8" "metadata" "--manifest-path" "Cargo.toml" "--no-deps", kill_on_drop: false }`
[INFO] started tweaking git repo https://github.com/nnnnusui/WinAPI-on-Rust
[INFO] finished tweaking git repo https://github.com/nnnnusui/WinAPI-on-Rust
[INFO] tweaked toml for git repo https://github.com/nnnnusui/WinAPI-on-Rust written to /workspace/builds/worker-13/source/Cargo.toml
[INFO] running `Command { std: "/workspace/cargo-home/bin/cargo" "+881c1ac408d93bb7adaa3a51dabab9266e82eee8" "generate-lockfile" "--manifest-path" "Cargo.toml" "-Zno-index-update", kill_on_drop: false }`
[INFO] running `Command { std: "/workspace/cargo-home/bin/cargo" "+881c1ac408d93bb7adaa3a51dabab9266e82eee8" "fetch" "--manifest-path" "Cargo.toml", kill_on_drop: false }`
[INFO] running `Command { std: "docker" "create" "-v" "/var/lib/crater-agent-workspace/builds/worker-13/target:/opt/rustwide/target:rw,Z" "-v" "/var/lib/crater-agent-workspace/builds/worker-13/source:/opt/rustwide/workdir:ro,Z" "-v" "/var/lib/crater-agent-workspace/cargo-home:/opt/rustwide/cargo-home:ro,Z" "-v" "/var/lib/crater-agent-workspace/rustup-home:/opt/rustwide/rustup-home:ro,Z" "-e" "SOURCE_DIR=/opt/rustwide/workdir" "-e" "CARGO_TARGET_DIR=/opt/rustwide/target" "-e" "CARGO_HOME=/opt/rustwide/cargo-home" "-e" "RUSTUP_HOME=/opt/rustwide/rustup-home" "-w" "/opt/rustwide/workdir" "-m" "1610612736" "--user" "0:0" "--network" "none" "ghcr.io/rust-lang/crates-build-env/linux@sha256:20528e8c29e4536546f0102ce88568b16ea7538393a33fcca951030f7af10457" "/opt/rustwide/cargo-home/bin/cargo" "+881c1ac408d93bb7adaa3a51dabab9266e82eee8" "metadata" "--no-deps" "--format-version=1", kill_on_drop: false }`
[INFO] [stdout] 9ee496ae2b69afa14560974bdcb936697df92dc6390ecf51b7de2b334ffaabfc
[INFO] [stderr] WARNING: Your kernel does not support swap limit capabilities or the cgroup is not mounted. Memory limited without swap.
[INFO] running `Command { std: "docker" "start" "-a" "9ee496ae2b69afa14560974bdcb936697df92dc6390ecf51b7de2b334ffaabfc", kill_on_drop: false }`
[INFO] running `Command { std: "docker" "inspect" "9ee496ae2b69afa14560974bdcb936697df92dc6390ecf51b7de2b334ffaabfc", kill_on_drop: false }`
[INFO] running `Command { std: "docker" "rm" "-f" "9ee496ae2b69afa14560974bdcb936697df92dc6390ecf51b7de2b334ffaabfc", kill_on_drop: false }`
[INFO] [stdout] 9ee496ae2b69afa14560974bdcb936697df92dc6390ecf51b7de2b334ffaabfc
[INFO] running `Command { std: "docker" "create" "-v" "/var/lib/crater-agent-workspace/builds/worker-13/target:/opt/rustwide/target:rw,Z" "-v" "/var/lib/crater-agent-workspace/builds/worker-13/source:/opt/rustwide/workdir:ro,Z" "-v" "/var/lib/crater-agent-workspace/cargo-home:/opt/rustwide/cargo-home:ro,Z" "-v" "/var/lib/crater-agent-workspace/rustup-home:/opt/rustwide/rustup-home:ro,Z" "-e" "SOURCE_DIR=/opt/rustwide/workdir" "-e" "CARGO_TARGET_DIR=/opt/rustwide/target" "-e" "CARGO_INCREMENTAL=0" "-e" "RUST_BACKTRACE=full" "-e" "RUSTFLAGS=--cap-lints=forbid" "-e" "CARGO_HOME=/opt/rustwide/cargo-home" "-e" "RUSTUP_HOME=/opt/rustwide/rustup-home" "-w" "/opt/rustwide/workdir" "-m" "1610612736" "--user" "0:0" "--network" "none" "ghcr.io/rust-lang/crates-build-env/linux@sha256:20528e8c29e4536546f0102ce88568b16ea7538393a33fcca951030f7af10457" "/opt/rustwide/cargo-home/bin/cargo" "+881c1ac408d93bb7adaa3a51dabab9266e82eee8" "build" "--frozen" "--message-format=json", kill_on_drop: false }`
[INFO] [stdout] efb86e2f22fe0a6332935a0b4decef16619b20082797357b17f53a4b3e0e2b71
[INFO] [stderr] WARNING: Your kernel does not support swap limit capabilities or the cgroup is not mounted. Memory limited without swap.
[INFO] running `Command { std: "docker" "start" "-a" "efb86e2f22fe0a6332935a0b4decef16619b20082797357b17f53a4b3e0e2b71", kill_on_drop: false }`
[INFO] [stderr]    Compiling winapi v0.3.9
[INFO] [stderr]    Compiling winapp v0.1.0 (/opt/rustwide/workdir)
[INFO] [stdout] error[E0433]: failed to resolve: could not find `um` in `winapi`
[INFO] [stdout]  --> src/window.rs:2:13
[INFO] [stdout]   |
[INFO] [stdout] 2 | use winapi::um::winuser::{DispatchMessageW, GetMessageW, TranslateMessage, MSG};
[INFO] [stdout]   |             ^^ could not find `um` in `winapi`
[INFO] [stdout] 
[INFO] [stdout] 
[INFO] [stdout] error[E0433]: failed to resolve: could not find `shared` in `winapi`
[INFO] [stdout]  --> src/window.rs:5:5
[INFO] [stdout]   |
[INFO] [stdout] 5 |     shared::{
[INFO] [stdout]   |     ^^^^^^ could not find `shared` in `winapi`
[INFO] [stdout] 
[INFO] [stdout] 
[INFO] [stdout] error[E0433]: failed to resolve: could not find `um` in `winapi`
[INFO] [stdout]  --> src/window.rs:9:5
[INFO] [stdout]   |
[INFO] [stdout] 9 |     um::{
[INFO] [stdout]   |     ^^ could not find `um` in `winapi`
[INFO] [stdout] 
[INFO] [stdout] 
[INFO] [stdout] error[E0432]: unresolved import `winapi::ctypes`
[INFO] [stdout]  --> src/window.rs:4:5
[INFO] [stdout]   |
[INFO] [stdout] 4 |     ctypes::c_int,
[INFO] [stdout]   |     ^^^^^^ could not find `ctypes` in `winapi`
[INFO] [stdout] 
[INFO] [stdout] 
[INFO] [stdout] error[E0412]: cannot find type `HWND` in this scope
[INFO] [stdout]   --> src/window.rs:20:15
[INFO] [stdout]    |
[INFO] [stdout] 20 |     pub hwnd: HWND,
[INFO] [stdout]    |               ^^^^ not found in this scope
[INFO] [stdout] 
[INFO] [stdout] 
[INFO] [stdout] error[E0412]: cannot find type `MSG` in this scope
[INFO] [stdout]   --> src/window.rs:21:27
[INFO] [stdout]    |
[INFO] [stdout] 19 | pub struct Window {
[INFO] [stdout]    |                  - help: you might be missing a type parameter: `<MSG>`
[INFO] [stdout] 20 |     pub hwnd: HWND,
[INFO] [stdout] 21 |     msg: mem::MaybeUninit<MSG>,
[INFO] [stdout]    |                           ^^^ not found in this scope
[INFO] [stdout] 
[INFO] [stdout] 
[INFO] [stdout] error[E0412]: cannot find type `WNDCLASSW` in this scope
[INFO] [stdout]   --> src/window.rs:26:38
[INFO] [stdout]    |
[INFO] [stdout] 24 | impl Window {
[INFO] [stdout]    |     - help: you might be missing a type parameter: `<WNDCLASSW>`
[INFO] [stdout] 25 |     unsafe fn register_wndclass(class_name: &[u16]) -> bool {
[INFO] [stdout] 26 |         let mut winc = mem::zeroed::<WNDCLASSW>();
[INFO] [stdout]    |                                      ^^^^^^^^^ not found in this scope
[INFO] [stdout] 
[INFO] [stdout] 
[INFO] [stdout] error[E0425]: cannot find value `CS_HREDRAW` in this scope
[INFO] [stdout]   --> src/window.rs:27:22
[INFO] [stdout]    |
[INFO] [stdout] 27 |         winc.style = CS_HREDRAW | CS_VREDRAW;
[INFO] [stdout]    |                      ^^^^^^^^^^ not found in this scope
[INFO] [stdout] 
[INFO] [stdout] 
[INFO] [stdout] error[E0425]: cannot find value `CS_VREDRAW` in this scope
[INFO] [stdout]   --> src/window.rs:27:35
[INFO] [stdout]    |
[INFO] [stdout] 27 |         winc.style = CS_HREDRAW | CS_VREDRAW;
[INFO] [stdout]    |                                   ^^^^^^^^^^ not found in this scope
[INFO] [stdout] 
[INFO] [stdout] 
[INFO] [stdout] error[E0425]: cannot find function, tuple struct or tuple variant `LoadIconW` in this scope
[INFO] [stdout]   --> src/window.rs:29:22
[INFO] [stdout]    |
[INFO] [stdout] 29 |         winc.hIcon = LoadIconW(ptr::null_mut(), IDI_APPLICATION);
[INFO] [stdout]    |                      ^^^^^^^^^ not found in this scope
[INFO] [stdout] 
[INFO] [stdout] 
[INFO] [stdout] error[E0425]: cannot find value `IDI_APPLICATION` in this scope
[INFO] [stdout]   --> src/window.rs:29:49
[INFO] [stdout]    |
[INFO] [stdout] 29 |         winc.hIcon = LoadIconW(ptr::null_mut(), IDI_APPLICATION);
[INFO] [stdout]    |                                                 ^^^^^^^^^^^^^^^ not found in this scope
[INFO] [stdout] 
[INFO] [stdout] 
[INFO] [stdout] error[E0425]: cannot find function, tuple struct or tuple variant `LoadCursorW` in this scope
[INFO] [stdout]   --> src/window.rs:30:24
[INFO] [stdout]    |
[INFO] [stdout] 30 |         winc.hCursor = LoadCursorW(ptr::null_mut(), IDC_ARROW);
[INFO] [stdout]    |                        ^^^^^^^^^^^ not found in this scope
[INFO] [stdout] 
[INFO] [stdout] 
[INFO] [stdout] error[E0425]: cannot find value `IDC_ARROW` in this scope
[INFO] [stdout]   --> src/window.rs:30:53
[INFO] [stdout]    |
[INFO] [stdout] 30 |         winc.hCursor = LoadCursorW(ptr::null_mut(), IDC_ARROW);
[INFO] [stdout]    |                                                     ^^^^^^^^^ not found in this scope
[INFO] [stdout] 
[INFO] [stdout] 
[INFO] [stdout] error[E0425]: cannot find function, tuple struct or tuple variant `GetStockObject` in this scope
[INFO] [stdout]   --> src/window.rs:31:30
[INFO] [stdout]    |
[INFO] [stdout] 31 |         winc.hbrBackground = GetStockObject(WHITE_BRUSH as i32) as HBRUSH;
[INFO] [stdout]    |                              ^^^^^^^^^^^^^^ not found in this scope
[INFO] [stdout] 
[INFO] [stdout] 
[INFO] [stdout] error[E0425]: cannot find value `WHITE_BRUSH` in this scope
[INFO] [stdout]   --> src/window.rs:31:45
[INFO] [stdout]    |
[INFO] [stdout] 31 |         winc.hbrBackground = GetStockObject(WHITE_BRUSH as i32) as HBRUSH;
[INFO] [stdout]    |                                             ^^^^^^^^^^^ not found in this scope
[INFO] [stdout] 
[INFO] [stdout] 
[INFO] [stdout] error[E0412]: cannot find type `HBRUSH` in this scope
[INFO] [stdout]   --> src/window.rs:31:68
[INFO] [stdout]    |
[INFO] [stdout] 31 |         winc.hbrBackground = GetStockObject(WHITE_BRUSH as i32) as HBRUSH;
[INFO] [stdout]    |                                                                    ^^^^^^ not found in this scope
[INFO] [stdout] 
[INFO] [stdout] 
[INFO] [stdout] error[E0425]: cannot find function, tuple struct or tuple variant `RegisterClassW` in this scope
[INFO] [stdout]   --> src/window.rs:34:9
[INFO] [stdout]    |
[INFO] [stdout] 34 |         RegisterClassW(&winc) > 0
[INFO] [stdout]    |         ^^^^^^^^^^^^^^ not found in this scope
[INFO] [stdout] 
[INFO] [stdout] 
[INFO] [stdout] error[E0412]: cannot find type `HWND` in this scope
[INFO] [stdout]   --> src/window.rs:37:15
[INFO] [stdout]    |
[INFO] [stdout] 37 |         hwnd: HWND,
[INFO] [stdout]    |               ^^^^ not found in this scope
[INFO] [stdout] 
[INFO] [stdout] 
[INFO] [stdout] error[E0412]: cannot find type `UINT` in this scope
[INFO] [stdout]   --> src/window.rs:38:14
[INFO] [stdout]    |
[INFO] [stdout] 38 |         msg: UINT,
[INFO] [stdout]    |              ^^^^ not found in this scope
[INFO] [stdout] 
[INFO] [stdout] 
[INFO] [stdout] error[E0412]: cannot find type `WPARAM` in this scope
[INFO] [stdout]   --> src/window.rs:39:18
[INFO] [stdout]    |
[INFO] [stdout] 39 |         w_param: WPARAM,
[INFO] [stdout]    |                  ^^^^^^ not found in this scope
[INFO] [stdout] 
[INFO] [stdout] 
[INFO] [stdout] error[E0412]: cannot find type `LPARAM` in this scope
[INFO] [stdout]   --> src/window.rs:40:18
[INFO] [stdout]    |
[INFO] [stdout] 40 |         l_param: LPARAM,
[INFO] [stdout]    |                  ^^^^^^ not found in this scope
[INFO] [stdout] 
[INFO] [stdout] 
[INFO] [stdout] error[E0412]: cannot find type `LRESULT` in this scope
[INFO] [stdout]   --> src/window.rs:41:10
[INFO] [stdout]    |
[INFO] [stdout] 41 |     ) -> LRESULT {
[INFO] [stdout]    |          ^^^^^^^ not found in this scope
[INFO] [stdout] 
[INFO] [stdout] 
[INFO] [stdout] error[E0425]: cannot find function, tuple struct or tuple variant `PostQuitMessage` in this scope
[INFO] [stdout]   --> src/window.rs:43:27
[INFO] [stdout]    |
[INFO] [stdout] 43 |             WM_DESTROY => PostQuitMessage(0),
[INFO] [stdout]    |                           ^^^^^^^^^^^^^^^ not found in this scope
[INFO] [stdout] 
[INFO] [stdout] 
[INFO] [stdout] error[E0425]: cannot find function, tuple struct or tuple variant `DefWindowProcW` in this scope
[INFO] [stdout]   --> src/window.rs:44:25
[INFO] [stdout]    |
[INFO] [stdout] 44 |             _ => return DefWindowProcW(hwnd, msg, w_param, l_param),
[INFO] [stdout]    |                         ^^^^^^^^^^^^^^ not found in this scope
[INFO] [stdout] 
[INFO] [stdout] 
[INFO] [stdout] error[E0425]: cannot find function, tuple struct or tuple variant `CreateWindowExW` in this scope
[INFO] [stdout]   --> src/window.rs:53:20
[INFO] [stdout]    |
[INFO] [stdout] 53 |         let hwnd = CreateWindowExW(
[INFO] [stdout]    |                    ^^^^^^^^^^^^^^^ not found in this scope
[INFO] [stdout] 
[INFO] [stdout] 
[INFO] [stdout] error[E0425]: cannot find value `WS_OVERLAPPEDWINDOW` in this scope
[INFO] [stdout]   --> src/window.rs:57:13
[INFO] [stdout]    |
[INFO] [stdout] 57 |             WS_OVERLAPPEDWINDOW,
[INFO] [stdout]    |             ^^^^^^^^^^^^^^^^^^^ not found in this scope
[INFO] [stdout] 
[INFO] [stdout] 
[INFO] [stdout] error[E0425]: cannot find value `CW_USEDEFAULT` in this scope
[INFO] [stdout]   --> src/window.rs:58:13
[INFO] [stdout]    |
[INFO] [stdout] 58 |             CW_USEDEFAULT,
[INFO] [stdout]    |             ^^^^^^^^^^^^^ not found in this scope
[INFO] [stdout] 
[INFO] [stdout] 
[INFO] [stdout] error[E0425]: cannot find value `CW_USEDEFAULT` in this scope
[INFO] [stdout]   --> src/window.rs:59:13
[INFO] [stdout]    |
[INFO] [stdout] 59 |             CW_USEDEFAULT,
[INFO] [stdout]    |             ^^^^^^^^^^^^^ not found in this scope
[INFO] [stdout] 
[INFO] [stdout] 
[INFO] [stdout] error[E0425]: cannot find value `CW_USEDEFAULT` in this scope
[INFO] [stdout]   --> src/window.rs:60:13
[INFO] [stdout]    |
[INFO] [stdout] 60 |             CW_USEDEFAULT,
[INFO] [stdout]    |             ^^^^^^^^^^^^^ not found in this scope
[INFO] [stdout] 
[INFO] [stdout] 
[INFO] [stdout] error[E0425]: cannot find value `CW_USEDEFAULT` in this scope
[INFO] [stdout]   --> src/window.rs:61:13
[INFO] [stdout]    |
[INFO] [stdout] 61 |             CW_USEDEFAULT,
[INFO] [stdout]    |             ^^^^^^^^^^^^^ not found in this scope
[INFO] [stdout] 
[INFO] [stdout] 
[INFO] [stdout] error[E0412]: cannot find type `MSG` in this scope
[INFO] [stdout]   --> src/window.rs:70:38
[INFO] [stdout]    |
[INFO] [stdout] 24 | impl Window {
[INFO] [stdout]    |     - help: you might be missing a type parameter: `<MSG>`
[INFO] [stdout] ...
[INFO] [stdout] 70 |         let msg = mem::MaybeUninit::<MSG>::uninit();
[INFO] [stdout]    |                                      ^^^ not found in this scope
[INFO] [stdout] 
[INFO] [stdout] 
[INFO] [stdout] error[E0412]: cannot find type `BOOL` in this scope
[INFO] [stdout]   --> src/window.rs:73:53
[INFO] [stdout]    |
[INFO] [stdout] 73 |     pub unsafe fn show(&self, n_cmd_show: c_int) -> BOOL {
[INFO] [stdout]    |                                                     ^^^^ not found in this scope
[INFO] [stdout] 
[INFO] [stdout] 
[INFO] [stdout] error[E0425]: cannot find function, tuple struct or tuple variant `ShowWindow` in this scope
[INFO] [stdout]   --> src/window.rs:74:9
[INFO] [stdout]    |
[INFO] [stdout] 74 |         ShowWindow(self.hwnd, n_cmd_show)
[INFO] [stdout]    |         ^^^^^^^^^^ not found in this scope
[INFO] [stdout] 
[INFO] [stdout] 
[INFO] [stdout] error[E0412]: cannot find type `BOOL` in this scope
[INFO] [stdout]   --> src/window.rs:76:36
[INFO] [stdout]    |
[INFO] [stdout] 76 |     pub unsafe fn update(&self) -> BOOL {
[INFO] [stdout]    |                                    ^^^^ not found in this scope
[INFO] [stdout] 
[INFO] [stdout] 
[INFO] [stdout] error[E0425]: cannot find function, tuple struct or tuple variant `UpdateWindow` in this scope
[INFO] [stdout]   --> src/window.rs:77:9
[INFO] [stdout]    |
[INFO] [stdout] 77 |         UpdateWindow(self.hwnd)
[INFO] [stdout]    |         ^^^^^^^^^^^^ not found in this scope
[INFO] [stdout] 
[INFO] [stdout] 
[INFO] [stdout] error[E0425]: cannot find function, tuple struct or tuple variant `GetMessageW` in this scope
[INFO] [stdout]   --> src/window.rs:81:12
[INFO] [stdout]    |
[INFO] [stdout] 81 |         if GetMessageW(&mut msg, ptr::null_mut(), 0, 0) == 0 {
[INFO] [stdout]    |            ^^^^^^^^^^^ not found in this scope
[INFO] [stdout] 
[INFO] [stdout] 
[INFO] [stdout] error[E0425]: cannot find function, tuple struct or tuple variant `TranslateMessage` in this scope
[INFO] [stdout]   --> src/window.rs:84:9
[INFO] [stdout]    |
[INFO] [stdout] 84 |         TranslateMessage(&mut msg);
[INFO] [stdout]    |         ^^^^^^^^^^^^^^^^ not found in this scope
[INFO] [stdout] 
[INFO] [stdout] 
[INFO] [stdout] error[E0425]: cannot find function, tuple struct or tuple variant `DispatchMessageW` in this scope
[INFO] [stdout]   --> src/window.rs:85:9
[INFO] [stdout]    |
[INFO] [stdout] 85 |         DispatchMessageW(&mut msg);
[INFO] [stdout]    |         ^^^^^^^^^^^^^^^^ not found in this scope
[INFO] [stdout] 
[INFO] [stdout] 
[INFO] [stdout] error: aborting due to 38 previous errors
[INFO] [stdout] 
[INFO] [stdout] 
[INFO] [stdout] Some errors have detailed explanations: E0412, E0425, E0432, E0433.
[INFO] [stdout] 
[INFO] [stdout] For more information about an error, try `rustc --explain E0412`.
[INFO] [stdout] 
[INFO] [stderr] error: could not compile `winapp`
[INFO] [stderr] 
[INFO] [stderr] To learn more, run the command again with --verbose.
[INFO] running `Command { std: "docker" "inspect" "efb86e2f22fe0a6332935a0b4decef16619b20082797357b17f53a4b3e0e2b71", kill_on_drop: false }`
[INFO] running `Command { std: "docker" "rm" "-f" "efb86e2f22fe0a6332935a0b4decef16619b20082797357b17f53a4b3e0e2b71", kill_on_drop: false }`
[INFO] [stdout] efb86e2f22fe0a6332935a0b4decef16619b20082797357b17f53a4b3e0e2b71
